{"id":13787,"date":"2026-08-31T15:12:01","date_gmt":"2026-08-31T20:12:01","guid":{"rendered":"https:\/\/mam.org\/events\/?post_type=tribe_events&#038;p=13787"},"modified":"2026-08-31T15:12:01","modified_gmt":"2026-08-31T20:12:01","slug":"open-labor-day","status":"publish","type":"tribe_events","link":"https:\/\/mam.org\/events\/event\/open-labor-day\/","title":{"rendered":"Open Labor Day"},"content":{"rendered":"<p>Make the Milwaukee Art Museum part of your Labor Day plans. We\u2019re open Monday, September 7, from 10 a.m. to 5 p.m., with a full day to explore art, architecture, and new experiences throughout the Museum.<\/p>\n<p>Discover <a href=\"https:\/\/mam.org\/exhibitions\/built-to-inspire\/\"><em>Built to Inspire: The Quadracci Pavilion at 25<\/em><\/a>, experience <a href=\"https:\/\/mam.org\/exhibitions\/seeking-revelation\/\"><em>Seeking Revelation: German Romantic Prints and Drawings<\/em><\/a> and <a href=\"https:\/\/mam.org\/exhibitions\/gertrude-and-friends\/\"><em>Gertrude &amp; Friends: The Wisconsin Magical Realists<\/em><\/a>, and explore favorites across the collection, including <a href=\"https:\/\/mam.org\/exhibitions\/homelands\/\"><em>Homelands: Mn\u00eb\u2019n\u00e1nak, M\u0101\u0113n\u0101\u0113wah, Te\u0161i\u0161ik and the Layton Art Collection<\/em><\/a>.<\/p>\n<p>Spend your day off with us, surrounded by art!<\/p>\n","protected":false},"excerpt":{"rendered":"<p>Spend your day off with us, surrounded by art!<\/p>\n","protected":false},"author":1,"featured_media":13788,"template":"","meta":{"_acf_changed":false,"_tribe_events_status":"","_tribe_events_status_reason":"","_tribe_events_is_hybrid":"","_tribe_events_is_virtual":"","_tribe_events_virtual_video_source":"","_tribe_events_virtual_embed_video":"","_tribe_events_virtual_linked_button_text":"","_tribe_events_virtual_linked_button":"","_tribe_events_virtual_show_embed_at":"","_tribe_events_virtual_show_embed_to":[],"_tribe_events_virtual_show_on_event":"","_tribe_events_virtual_show_on_views":"","_tribe_events_virtual_url":"","footnotes":""},"tags":[],"tribe_events_cat":[5,45,91],"class_list":["post-13787","tribe_events","type-tribe_events","status-publish","has-post-thumbnail","hentry","tribe_events_cat-announcements","tribe_events_cat-members-free","tribe_events_cat-in-person","cat_announcements","cat_members-free","cat_in-person"],"acf":[],"_links":{"self":[{"href":"https:\/\/mam.org\/events\/wp-json\/wp\/v2\/tribe_events\/13787","targetHints":{"allow":["GET"]}}],"collection":[{"href":"https:\/\/mam.org\/events\/wp-json\/wp\/v2\/tribe_events"}],"about":[{"href":"https:\/\/mam.org\/events\/wp-json\/wp\/v2\/types\/tribe_events"}],"author":[{"embeddable":true,"href":"https:\/\/mam.org\/events\/wp-json\/wp\/v2\/users\/1"}],"version-history":[{"count":1,"href":"https:\/\/mam.org\/events\/wp-json\/wp\/v2\/tribe_events\/13787\/revisions"}],"predecessor-version":[{"id":13789,"href":"https:\/\/mam.org\/events\/wp-json\/wp\/v2\/tribe_events\/13787\/revisions\/13789"}],"wp:featuredmedia":[{"embeddable":true,"href":"https:\/\/mam.org\/events\/wp-json\/wp\/v2\/media\/13788"}],"wp:attachment":[{"href":"https:\/\/mam.org\/events\/wp-json\/wp\/v2\/media?parent=13787"}],"wp:term":[{"taxonomy":"post_tag","embeddable":true,"href":"https:\/\/mam.org\/events\/wp-json\/wp\/v2\/tags?post=13787"},{"taxonomy":"tribe_events_cat","embeddable":true,"href":"https:\/\/mam.org\/events\/wp-json\/wp\/v2\/tribe_events_cat?post=13787"}],"curies":[{"name":"wp","href":"https:\/\/api.w.org\/{rel}","templated":true}]}}

<p>Make the Milwaukee Art Museum part of your Labor Day plans. We’re open Monday, September 7, from 10 a.m. to 5 p.m., with a full day to explore art, architecture, and new experiences throughout the Museum.</p>
<p>Discover <a href="https://mam.org/exhibitions/built-to-inspire/"><em>Built to Inspire: The Quadracci Pavilion at 25</em></a>, experience <a href="https://mam.org/exhibitions/seeking-revelation/"><em>Seeking Revelation: German Romantic Prints and Drawings</em></a> and <a href="https://mam.org/exhibitions/gertrude-and-friends/"><em>Gertrude &amp; Friends: The Wisconsin Magical Realists</em></a>, and explore favorites across the collection, including <a href="https://mam.org/exhibitions/homelands/"><em>Homelands: Mnë’nának, Māēnāēwah, Tešišik and the Layton Art Collection</em></a>.</p>
<p>Spend your day off with us, surrounded by art!</p>
